e highest common factor of g and p.
31
Let b be 9/12*2*4. Let k be (3/5 - 0)/((-4)/(-20)). Suppose 2*g = 8, -g + 4*g = k*p - 33. What is the greatest common factor of p and b?
3
Let k be (3/(-6))/(1/4). Let h be (k - 8/(-6))*-387. Suppose w - 6 = -2*w, 5*m - h = w. What is the greatest common factor of m and 13?
13
Suppose -4*a + 55 = -149. Suppose -5*z + 8 + 2 = g, 0 = 2*z + g - 1. Suppose -z*d = -0*d - a. Calculate the greatest common factor of 119 and d.
17
Let w(m) = -m**3 - m**2 + 21*m - 9. Let f be w(-6). What is the greatest common factor of 1440 and f?
45
Let y be 152/(-95)*(-10)/4. Suppose y*p = 7*p - 297. Calculate the greatest common factor of p and 9.
9
Let i = -226 + 246. What is the greatest common factor of 20 and i?
20
Suppose -27 = -o - 3. Suppose -27 = -o*g + 15*g. What is the highest common factor of 2 and g?
1
Suppose 63 = 4*d - 117. Let b(t) = 5*t**2 - 6*t + 7. Let w be b(2). Calculate the greatest common divisor of d and w.
15
Let b(c) = 3*c + 2. Let k be b(6). Suppose 5*j = -4*m + m + 247, 0 = -4*j + 3*m + 203. What is the highest common factor of j and k?
10
Let z be 25/(((-1)/4)/((-364)/112)). What is the greatest common divisor of z and 75?
25
Let g be 73/3 + 1/(-3). Suppose r - g = 42. Calculate the greatest common factor of 44 and r.
22
Let j = 79 - 119. Let s = -4 - j. What is the greatest common factor of s and 4?
4
Suppose s = -2*s - 3. Let j(i) = -397*i**3 - 2*i**2 + 1. Let u be j(s). Suppose -b + u = b. Calculate the highest common factor of b and 18.
18
Let y = 1280 - 1165. Let d be 0 - (-1 + 2 - 47). What is the highest common factor of y and d?
23
Suppose s + 2 = 8. Let x(d) be the first derivative of -d**4/4 + 7*d**3/3 + d**2/2 - 39. Let v be x(s). What is the greatest common divisor of 105 and v?
21
Let v(k) = -k**3 + 7*k**2 + 8*k. Let l be v(8). Suppose i - 4 + 1 = l. Suppose -2*c - 135 = -5*j, 0 = -c - 4*c. Calculate the greatest common factor of j and i.
3
Suppose 79 = 3*i - 83. What is the highest common divisor of i and 288?
18
Suppose 967*b = 997*b - 77520. Calculate the highest common divisor of b and 17.
17
Let p(u) = u**2 - 10*u + 4. Let t = 11 + -1. Let f be p(t). Let x be f/6 - (-16)/3. Calculate the highest common factor of 6 and x.
6
Suppose -5*u = -70*u + 65. Calculate the greatest common divisor of u and 23.
1
Let p(f) = 3*f - 9. Let v be p(8). What is the highest common divisor of 150 and v?
15
Let g = 97 - 67. What is the highest common divisor of g and 6?
6
Let k be ((-138)/(-184))/((-3)/4) + 280. What is the highest common divisor of 217 and k?
31
Let k = 44 + -40. Let l be ((-310)/(-40))/(1/k). Calculate the highest common divisor of 341 and l.
31
Let o(d) be the first derivative of d**4/4 + 11*d**3/3 + 17*d**2/2 - d - 12. Let t be o(-8). Calculate the greatest common divisor of 11 and t.
11
Let a = -202 - -450. Calculate the highest common divisor of a and 4.
4
Suppose -29 + 8 = -3*w. Let g be w*-2*(-12)/8. Calculate the greatest common factor of 7 and g.
7
Let i(s) = 2*s**2 + 8*s + 3. Let o be i(6). Suppose o = 6*g + 3. What is the greatest common divisor of g and 20?
20
Suppose -5*o = -2*x + 86 - 33, -5*x - 3*o + 117 = 0. Let u = 27 - x. What is the highest common divisor of 24 and u?
3
Let z(l) = l**3 - 9*l**2 + 13*l - 19. Suppose 2*r - 38 = -4*o, -4*o - 5*r = o - 55. Let x be z(o). Calculate the greatest common divisor of 231 and x.
21
Let i be (-360)/(-450)*((-64)/(-2) + -2). What is the highest common divisor of i and 54?
6
Let x = 72 + 4. Calculate the highest common factor of 38 and x.
38
Let b = 1151 - 1124. What is the highest common divisor of 378 and b?
27
Suppose -22 = -3*k - 4*z, z = k + 1 - 6. Calculate the highest common factor of k and 15.
3
Let m(x) be the first derivative of 4*x**2 - 2*x - 13. Let a be m(3). What is the greatest common divisor of a and 22?
22
Let q = 490 - 468. What is the highest common factor of 2 and q?
2
Let h = 22 + -10. Let r = -209 + 344. Suppose 9*m + 27 - r = 0. Calculate the highest common divisor of h and m.
12
Let w = 79 - -38. What is the highest common divisor of 13 and w?
13
Suppose -h + 2*k = -2157, -2*h + 2*k + 4324 = -0*h. Calculate the highest common divisor of 11 and h.
11
Let h = 16 - 6. Suppose 4*a = 2 + h. Suppose a*v - 2*i - 103 + 37 = 0, -3*v - 4*i = -48. Calculate the greatest common factor of 10 and v.
10
Suppose -17*m - 9*m = -4576. Calculate the highest common factor of m and 99.
11
Suppose 15*g = 53 + 37. What is the highest common factor of 294 and g?
6
Suppose 3*c - 17 + 3 = l, 10 = -5*l. Let j be 2/8 - (-619)/c - 1. What is the highest common divisor of 22 and j?
22
Let g be 7 + (-8 - 7/(-1)). Calculate the greatest common divisor of 27 and g.
3
Suppose 0 = h, -3*h + 20 = -5*q + 215. Let b be (-63)/(q/(-6) + 5). What is the greatest common divisor of b and 14?
14
Let a be 2/(-7) + 198/(-42). Let q(c) = -c. Let v be q(a). Let x be (-108)/(-20) + (-2)/v. What is the highest common divisor of x and 5?
5
Suppose 11*o = -29*o + 640. What is the highest common divisor of 152 and o?
8
Let q = 227 - 205. Calculate the highest common factor of q and 99.
11
Suppose 15*c - 660 = 4*c. Let f be (-3 - -3)*2/2. Suppose 5*d - 15 - 85 = f. Calculate the highest common divisor of d and c.
20
Let z(n) = -12*n + 34. Let u be z(2). Suppose 3*y + 27 = -0*y. Let l be 6/y + 14/3. What is the greatest common divisor of u and l?
2
Let d be (6/(-12))/((-1)/(-14)). Let s(u) = -11*u + 6*u**2 + 4*u**2 - u**2 + u**3 - 4. Let h be s(d). What is the greatest common divisor of 19 and h?
19
Suppose 3*o + 2*l - 89 = 0, 2*o - 3*l - 124 + 43 = 0. Suppose 6*h - 38 = v + h, -70 = 3*v - 4*h. Let j = 40 + v. What is the highest common factor of o and j?
11
Let v(d) = -15*d + 1. Let l be v(-1). Suppose 3*k + 1 = -3*h + 61, 5*k - 3*h - 108 = 0. Let a = 11 + k. What is the greatest common factor of l and a?
16
Suppose 20769 = 67*t - 46*t. Calculate the greatest common divisor of 129 and t.
43
Suppose 4*f + 2 = w + 4, 0 = 4*w - 5*f - 14. Let j(d) = 26*d - w + 2 - 27*d. Let n be j(-5). What is the greatest common divisor of n and 1?
1
Let m be 12*(-6)/(-18) - -111. Calculate the highest common factor of m and 10.
5
Let i(v) = -2*v**3 - v + 2. Let u be i(2). Let t be 2/u + (-1521)/(-72). What is the highest common divisor of 7 and t?
7
Let a(s) = -24*s - 252. Let z be a(-12). What is the greatest common divisor of z and 30?
6
Let b = 504 + -724. Let n = 41 - b. What is the highest common divisor of n and 9?
9
Let r = -344 + 352. Calculate the greatest common divisor of r and 8.
8
Suppose -3*u + 61 = 5*j, 5*u - 10*u + 45 = -3*j. What is the highest common factor of u and 3?
3
Suppose -7*w - 69 = -125. Calculate the highest common divisor of w and 56.
8
Let p = -23 - -30. Let u(w) = -w**3 + 6 - w + 9 - 11 - p*w**2. Let n be u(-7). Calculate the greatest common divisor of n and 121.
11
Let v(z) = 16*z**2 + z + 4. Let m be v(-2). Let s = 116 - m. Calculate the greatest common divisor of 20 and s.
10
Suppose -9*v + 80 = -4*v. Suppose 0 = 20*a - 21*a + 12. What is the greatest common divisor of a and v?
4
Let n(l) = 7*l + 34. Let z(q) = -q - 1. Let j(o) = -n(o) - 3*z(o). Let i be j(-8). What is the highest common divisor of i and 7?
1
Suppose -45 = -5*y + 55. Suppose 0 = -3*u - d + y, d - 10 = 2*u - 25. Let s be 21/(0 - (-1 - 0)). Calculate the highest common factor of s and u.
7
Let p(n) = -n. Let r be p(-4). Let u(c) = -9 - 7*c + 3*c + r*c - 5*c. Let j be u(-6). What is the highest common factor of j and 42?
21
Suppose 4*j = 8*j - 20. Suppose 0 = -4*v + 4*c + 44, v - j*c + 73 = 4*v. Calculate the highest common factor of 2 and v.
2
Suppose -2*m + 1066 = 2*s - 200, -2*s = -6. What is the highest common factor of 75 and m?
15
Suppose -4*p - 3 + 23 = 0. Let k be (-24)/(p + 80/(-15)). Let g(j) = -7*j - 3. Let c be g(-3). Calculate the greatest common factor of k and c.
18
Let q be 80/(-4) - (-910)/7. Suppose -5*d - 1 = 19. Let x be (d/5)/(4/(-50)). What is the highest common divisor of x and q?
10
Suppose 0 = 3*z - s + 6, -2*z - 3 = -5*s - 12. Let a(m) = -2*m**3 - m + 3. Let g be a(z). Calculate the greatest common factor of 40 and g.
20
Let o(r) = -r**3 + 24*r**2 + 10*r + 5. Let g be o(24). Calculate the highest common factor of g and 147.
49
Suppose 4*b + 15 = 63. S